 -23*h - 3*o + 228 = -q*h, -5*o - 175 = -4*h. Calculate the highest common factor of h and 63.
9
Let y be -206*(5 + (-54)/12). Let v = -25 - y. What is the highest common divisor of 52 and v?
26
Let f = 455 - 444. Let g be 4/(-10) - 1503/(-45). Suppose -g = -4*o + o. Calculate the highest common divisor of o and f.
11
Let k(r) = -4*r + 42. Let p be k(10). Suppose 172 = 4*v - b - p*b, 3*v - 4*b - 129 = 0. What is the highest common divisor of 344 and v?
43
Let n = 15 + -8. Suppose 0 = 5*c + 4*g - 325, -10*g - 46 = -c - n*g. Calculate the highest common factor of 61 and c.
61
Suppose 0 = 3*z - 47 - 493. Let l(s) = -2*s**3 + 56*s**2 + 3. Let v be l(28). Let n be ((-10)/v)/((-565)/6102). What is the highest common factor of z and n?
36
Let p = 10579 + -10515. What is the greatest common divisor of 124 and p?
4
Let y(p) = p**2 + 2*p - 16. Let k be y(-4). Let s be (6/k)/((-12)/32). Suppose s*u - 14 - 22 = 0. What is the highest common factor of u and 24?
6
Let x = 8193 - 4858. What is the highest common factor of 575 and x?
115
Let d be (-1782)/4 + (5/(-1))/(-10). Let n = -429 - d. What is the highest common factor of 1 and n?
1
Let o be -2 - (-1 - 6) - (-6 + 9). Let j(t) = t**3 - 15*t**2 + 3*t**o - 847 + 843 + 2*t. Let w be j(12). Calculate the greatest common factor of 4 and w.
4
Let h be (189 - 194)*(-664)/10. What is the greatest common factor of h and 32?
4
Let g = -13860 + 13936. Let w be 6/27 + 1796/18. Let y = 157 - w. What is the greatest common divisor of y and g?
19
Let i be 4/((-28)/(-12) + 1/(-3)). Let z be (3/i)/(-3)*(-748)/22. Calculate the greatest common factor of z and 17.
17
Suppose -6231 = -42*k + 5949. What is the greatest common factor of k and 50?
10
Suppose 8*u + 54 = 22. Let a(h) = 11*h + 50. Let f be a(u). Calculate the highest common factor of 102 and f.
6
Let k(g) = g**3 + 84*g**2 - 578*g + 283. Let v be k(-90). What is the greatest common divisor of v and 69?
23
Let o(t) = 7*t**3 - 3*t**2 - t + 1. Let q be o(1). Let g be ((-4)/(-8))/(q/56). What is the greatest common factor of 4 and g?
1
Let n be (0 - 1)/((-1)/3). Suppose -60*u = -73*u + 4641. Suppose -13*s = 4*s - u. Calculate the greatest common divisor of s and n.
3
Let d(y) = -y**3 + 20*y**2 - 13*y - 44. Let k be d(19). Let s = k + -68. Calculate the highest common factor of s and 2.
2
Let d = -4738 + 4808. What is the greatest common divisor of d and 360?
10
Let t be ((-2)/(10/(-3)))/(2/50). Suppose 3*j + 5*h = 508, -h + 4*h = t. Calculate the greatest common factor of 7 and j.
7
Suppose 0 = -2*g - 5*r + 88, -31*r + 32*r + 166 = 5*g. What is the greatest common divisor of 374 and g?
34
Let y(q) = 9*q**2 - 544*q - 760. Let j be y(62). Let s(r) = r**2 + 2*r - 7. Let g be s(-5). What is the highest common divisor of j and g?
4
Let o(i) = 2*i**2 + 66*i - 783. Let r be o(-72). Calculate the greatest common divisor of r and 108.
27
Suppose 63899 = 121*o - 46*o + 82*o. Calculate the highest common divisor of 185 and o.
37
Let s be (7/2)/(211/8862). Calculate the greatest common factor of 231 and s.
21
Let j be 2 - 1 - 0*(-2)/18. Let w be -5*(j - (-56)/(-20)). Calculate the greatest common factor of w and 6.
3
Let m = 84 + 252. Let t = -5374 + 5395. Calculate the highest common factor of m and t.
21
Let h be (-2)/6 - (-302)/6. Suppose 2*a - 4*k - 3162 + 3134 = 0, -5*k + 115 = 5*a. Calculate the highest common divisor of h and a.
10
Suppose -13510 = n - 14*n - 180*n. What is the highest common factor of n and 938?
14
Let t(a) = 20825*a**2 - 16*a + 3. Let x be t(1). What is the highest common divisor of 172 and x?
172
Suppose 9058 = -4*d - 3*d. Let n = d + 2168. Let h = n - 595. Calculate the highest common factor of 31 and h.
31
Let y(w) = 140*w + 980. Let n be y(46). Calculate the greatest common factor of n and 14.
14
Let u(h) = h + 44. Suppose -20*l + 4*l - 16 = 0. Let m be (l + 4 - 18)/1 + 4. Let b be u(m). What is the highest common factor of b and 3?
3
Let c(d) = 6*d**2 + 33*d - 1525. Let m be c(55). Calculate the highest common factor of m and 120.
40
Suppose 4*i - 22 - 54 = -5*x, x - i - 17 = 0. Let a be 2/(-7) + x/56. Suppose -9 = 3*d, a*d + 388 = 5*z + 4*d. What is the highest common divisor of 20 and z?
20
Let c = -6460 + 7069. Calculate the highest common divisor of 783 and c.
87
Suppose -1166 = -165*v + 1144. Let t(d) = -d**3 + 11*d**2 + 9. Let i be t(6). Calculate the highest common divisor of v and i.
7
Suppose 0 = 4*h + 4*z - 160, -2*h = 3*h + 4*z - 197. What is the greatest common divisor of h and 11507?
37
Let v be 1/((-5)/85)*(4 - 3). Let k be v/(663/6) - 678/(-13). Calculate the greatest common factor of k and 65.
13
Let o = -130 + 290. Suppose -15*v - v + o = 0. Calculate the highest common divisor of v and 10.
10
Let o be (-30)/(-9) + -3 - 76/(-6). Suppose o*j - 8*j = 5. Let b be j/(1480/492 - 3). Calculate the greatest common factor of 82 and b.
41
Let f = -15139 - -15414. What is the highest common factor of f and 65?
5
Let f(d) = 3*d**2 - 16*d + 12. Let n = -692 + 686. Let q be f(n). Calculate the greatest common factor of q and 96.
24
Suppose -408 = -5*t - 4*u, 1291*t - 1288*t - 3*u - 261 = 0. What is the highest common factor of 4404 and t?
12
Suppose 159*v + 5*v = -25*v + 2457. Calculate the greatest common divisor of v and 45643.
13
Suppose -790 = -6*s + 7*s + 3*o, 3*s = -2*o - 2384. Let v = 999 + s. Calculate the greatest common divisor of 21 and v.
7
Let c be 1000/475 + 4/(-38). Suppose 4*r = 2*q - 186 - 484, 5*r - 625 = -c*q. Calculate the highest common factor of q and 65.
65
Suppose -221*c = -214*c - 11886. Suppose -4*p = -4, -5*y - 2*p - c = -10*y. What is the greatest common divisor of y and 204?
68
Let z = -825677 + 825881. Suppose 2*j = -k - 0*j + 238, 0 = 5*k - 4*j - 1190. What is the greatest common factor of k and z?
34
Suppose 4*x - 8 = 64. Suppose -2*u - r = -33, -20 = -5*r + 5. Suppose 0 = u*d - 9*d - 60. Calculate the highest common factor of d and x.
6
Let g(w) = -88*w - 297. Let a be g(-4). Calculate the highest common divisor of a and 187.
11
Suppose 156222 = 184*s - 75080 + 9030. What is the highest common divisor of 32 and s?
8
Let r = -117 + 1023. Let b = -549 + r. Calculate the highest common factor of 51 and b.
51
Let b = -28853 + 29750. Let h(t) = t**3 + t**2 - 4*t + 5. Let f be h(4). Calculate the highest common factor of f and b.
69
Suppose -17*g + 28620 - 22330 = 0. What is the highest common divisor of g and 4255?
185
Let o(l) = 334*l**3 - 6*l + 7. Suppose -54 = 11*s - 65. Let y be o(s). Calculate the greatest common factor of y and 5.
5
Let c be (-2287197)/(-324) + (-21)/(-28) + 1/(-1). What is the highest common factor of c and 26?
13
Let i be (-10)/(-55) - (-2 - 5508/(-44)). Let y = i + 137. Suppose o + 4*o - 175 = 0. Calculate the highest common factor of y and o.
7
Let v(a) be the first derivative of -5 + 1/3*a**3 - 6*a + 4*a**2. Let k be v(-9). Calculate the highest common factor of 3 and k.
3
Suppose 99 + 261 = 10*t. Let k = 54 - t. Suppose 27 = m + 5*b, 0*b - 6 = -2*b. Calculate the highest common factor of m and k.
6
Suppose -3*n = -2*n + 55 - 153. What is the highest common divisor of 364 and n?
14
Let v be ((-193)/(-386))/((-21)/22 - -1). Suppose v + 127 = 2*h. What is the greatest common divisor of 345 and h?
69
Let j be -2 - 25/(-12) - (-904981)/6468. What is the highest common divisor of 4130 and j?
70
Suppose 314 = 9*k - 955. Let s(p) = p**3 + 8*p**2 + 5*p + 3. Let o be s(-4). What is the greatest common divisor of o and k?
47
Let b be (1 - (-2)/(-6))*6. Let w(j) = j**3 - 4*j**2 - 2*j - 2. Let n be w(b). Let g be 6/(-75)*-1195 + (-4)/n. What is the greatest common divisor of g and 16?
16
Suppose -68 = -5*a - 8*a + 23. Calculate the greatest common divisor of 9324 and a.
7
Let k be 6*1*(2 + -3) - -2. Let a be 84/(-8)*k*3/9. Suppose -3*j = -13 - a. What is the highest common factor of j and 63?
9
Let x = 632 - 948. Let c = -301 - x. What is the highest common factor of c and 40?
5
Suppose 11 + 129 = 2*n. Suppose -16 = -3*p + 158. Let j = -44 + p. Calculate the greatest common divisor of n and j.
14
Let p(s) = -37*s + 29. Let z be p(-7). Let m = -2044 - -2116. Calculate the highest common divisor of m and z.
72
Let g = 45 - 46. Let k be 9/((-27)/(-75)) - g. Calculate the greatest common factor of 182